{"id":19,"date":"2016-07-05T17:39:25","date_gmt":"2016-07-05T17:39:25","guid":{"rendered":"http:\/\/asesoriasdye.com.co\/asesorias\/?page_id=19"},"modified":"2022-01-27T17:24:21","modified_gmt":"2022-01-27T17:24:21","slug":"estudios-de-mercados","status":"publish","type":"page","link":"https:\/\/asesoriasdye.com.co\/asesorias\/estudios-de-mercados\/","title":{"rendered":"ESTUDIOS DE MERCADOS"},"content":{"rendered":"<p><img decoding=\"async\" src=\"https:\/\/elartedeaprender.files.wordpress.com\/2015\/11\/definiendo-un-estudio-de-mercado.jpg\" \/><\/p>\n<p style=\"text-align: justify;\"><strong>ESTUDIO Y VIABILIDAD DE MERCADO:<\/strong>\u00a0Las tendencias econ\u00f3micas y sociales de las empresas, son cada vez m\u00e1s agresivas; la globalizaci\u00f3n de los mercados, las nuevas tecnolog\u00edas, el desarrollo social, est\u00e1n conduciendo a las empresas a que generen servicios y beneficios de optima calidad, e incluso satisfacer al cliente desde la perspectiva de superar sus necesidades. Para ello nuestra firma le asesora en:<\/p>\n<ul>\n<li style=\"text-align: justify;\">An\u00e1lisis de la oferta y demanda del mercado<\/li>\n<li style=\"text-align: justify;\">Estudio y viabilidad de nuevos nichos de mercados<\/li>\n<li style=\"text-align: justify;\">Planeaci\u00f3n estrat\u00e9gica<\/li>\n<li style=\"text-align: justify;\">Construcci\u00f3n de un plan de negocios basados en resultados<\/li>\n<li style=\"text-align: justify;\">An\u00e1lisis de la competencia y pol\u00edtica de precios<\/li>\n<li style=\"text-align: justify;\">Viabilidad financiera y punto de equilibro de su empresa<\/li>\n<li style=\"text-align: justify;\">Construcci\u00f3n del mapa estrat\u00e9gico de su empresa<\/li>\n<li style=\"text-align: justify;\">An\u00e1lisis de los factores de riesgos para su negocio<\/li>\n<li style=\"text-align: justify;\">Capacitaci\u00f3n empresarial<\/li>\n<li style=\"text-align: justify;\">Dise\u00f1o y evaluaci\u00f3n de proyectos econ\u00f3micos<\/li>\n<li style=\"text-align: justify;\">An\u00e1lisis financiero de su empresa<\/li>\n<\/ul>\n","protected":false},"excerpt":{"rendered":"<p>ESTUDIO Y VIABILIDAD DE MERCADO:\u00a0Las tendencias econ\u00f3micas y sociales de las empresas, son cada vez m\u00e1s agresivas; la globalizaci\u00f3n de los mercados, las nuevas tecnolog\u00edas, el desarrollo social, est\u00e1n conduciendo a las empresas a que generen servicios y beneficios de optima calidad, e incluso satisfacer al cliente desde la perspectiva de superar sus necesidades. Para&hellip;<\/p>\n","protected":false},"author":9,"featured_media":0,"parent":0,"menu_order":0,"comment_status":"closed","ping_status":"closed","template":"","meta":{"_joinchat":[]},"class_list":["post-19","page","type-page","status-publish","hentry","description-off"],"_links":{"self":[{"href":"https:\/\/asesoriasdye.com.co\/asesorias\/wp-json\/wp\/v2\/pages\/19","targetHints":{"allow":["GET"]}}],"collection":[{"href":"https:\/\/asesoriasdye.com.co\/asesorias\/wp-json\/wp\/v2\/pages"}],"about":[{"href":"https:\/\/asesoriasdye.com.co\/asesorias\/wp-json\/wp\/v2\/types\/page"}],"author":[{"embeddable":true,"href":"https:\/\/asesoriasdye.com.co\/asesorias\/wp-json\/wp\/v2\/users\/9"}],"replies":[{"embeddable":true,"href":"https:\/\/asesoriasdye.com.co\/asesorias\/wp-json\/wp\/v2\/comments?post=19"}],"version-history":[{"count":4,"href":"https:\/\/asesoriasdye.com.co\/asesorias\/wp-json\/wp\/v2\/pages\/19\/revisions"}],"predecessor-version":[{"id":185,"href":"https:\/\/asesoriasdye.com.co\/asesorias\/wp-json\/wp\/v2\/pages\/19\/revisions\/185"}],"wp:attachment":[{"href":"https:\/\/asesoriasdye.com.co\/asesorias\/wp-json\/wp\/v2\/media?parent=19"}],"curies":[{"name":"wp","href":"https:\/\/api.w.org\/{rel}","templated":true}]}}