{"id":27,"date":"2016-07-05T17:45:08","date_gmt":"2016-07-05T17:45:08","guid":{"rendered":"http:\/\/asesoriasdye.com.co\/asesorias\/?page_id=27"},"modified":"2022-02-03T21:09:37","modified_gmt":"2022-02-03T21:09:37","slug":"asesorias-juridicas","status":"publish","type":"page","link":"https:\/\/asesoriasdye.com.co\/asesorias\/asesorias-juridicas\/","title":{"rendered":"Asesor\u00edas Jur\u00eddicas"},"content":{"rendered":"<p>En procura del restablecimiento de los derechos que asisten tanto a los individuos como personas jur\u00eddicas de derecho p\u00fablico o privado, violados por particulares o por entes estatales, nuestra firma ha instaurado dentro de su Portafolio B\u00e1sico el \u00e1rea de litigio, que incluye procesos civiles, mercantiles, penales, laborales, constitucionales y administrativos. Esta \u00e1rea comprende tanto la salvaguarda preventiva como la tutela y restablecimiento de los derechos a nuestros clientes, pretendiendo con ello no s\u00f3lo la obtenci\u00f3n de la reparaci\u00f3n pecuniaria, sino el restablecimiento efectivo de los derechos que han sido transgredidos.<\/p>\n","protected":false},"excerpt":{"rendered":"<p>En procura del restablecimiento de los derechos que asisten tanto a los individuos como personas jur\u00eddicas de derecho p\u00fablico o privado, violados por particulares o por entes estatales, nuestra firma ha instaurado dentro de su Portafolio B\u00e1sico el \u00e1rea de litigio, que incluye procesos civiles, mercantiles, penales, laborales, constitucionales y administrativos. Esta \u00e1rea comprende tanto&hellip;<\/p>\n","protected":false},"author":9,"featured_media":0,"parent":0,"menu_order":0,"comment_status":"closed","ping_status":"closed","template":"","meta":{"_joinchat":[]},"class_list":["post-27","page","type-page","status-publish","hentry","description-off"],"_links":{"self":[{"href":"https:\/\/asesoriasdye.com.co\/asesorias\/wp-json\/wp\/v2\/pages\/27","targetHints":{"allow":["GET"]}}],"collection":[{"href":"https:\/\/asesoriasdye.com.co\/asesorias\/wp-json\/wp\/v2\/pages"}],"about":[{"href":"https:\/\/asesoriasdye.com.co\/asesorias\/wp-json\/wp\/v2\/types\/page"}],"author":[{"embeddable":true,"href":"https:\/\/asesoriasdye.com.co\/asesorias\/wp-json\/wp\/v2\/users\/9"}],"replies":[{"embeddable":true,"href":"https:\/\/asesoriasdye.com.co\/asesorias\/wp-json\/wp\/v2\/comments?post=27"}],"version-history":[{"count":5,"href":"https:\/\/asesoriasdye.com.co\/asesorias\/wp-json\/wp\/v2\/pages\/27\/revisions"}],"predecessor-version":[{"id":561,"href":"https:\/\/asesoriasdye.com.co\/asesorias\/wp-json\/wp\/v2\/pages\/27\/revisions\/561"}],"wp:attachment":[{"href":"https:\/\/asesoriasdye.com.co\/asesorias\/wp-json\/wp\/v2\/media?parent=27"}],"curies":[{"name":"wp","href":"https:\/\/api.w.org\/{rel}","templated":true}]}}