{"id":39,"date":"2016-07-05T17:46:32","date_gmt":"2016-07-05T17:46:32","guid":{"rendered":"http:\/\/asesoriasdye.com.co\/asesorias\/?page_id=39"},"modified":"2022-01-27T17:24:21","modified_gmt":"2022-01-27T17:24:21","slug":"control-interno","status":"publish","type":"page","link":"https:\/\/asesoriasdye.com.co\/asesorias\/control-interno\/","title":{"rendered":"Control Interno"},"content":{"rendered":"<p><img loading=\"lazy\" decoding=\"async\" class=\"\" src=\"http:\/\/hospitalmunicipalsanroque.gov.co\/wp-content\/uploads\/2015\/11\/control-interno-empresa.jpg\" width=\"789\" height=\"289\" \/><\/p>\n<p style=\"text-align: justify;\">Consideramos que el sistema de Control Interno es una herramienta que brinda seguridad razonable a los estados financieros y asegura el cumplimiento de las pol\u00edticas, planes, directrices y objetivos de la organizaci\u00f3n, como tambi\u00e9n la implementaci\u00f3n y mejora de los manuales de procedimientos; se trata de un sistema interactivo multidireccional en el cual todos los elementos influyen para brindar apoyo a los objetivos instituciones como el control estrat\u00e9gico que comprende: esquema de la organizaci\u00f3n, planes, principios y norma; Control de gesti\u00f3n : m\u00e9todos, procedimientos, actuaciones, acciones, administraci\u00f3n de la informaci\u00f3n y administraci\u00f3n de los recursos y el control de evaluaci\u00f3n, comprende mecanismos de evaluaci\u00f3n y verificaci\u00f3n, como el cuidado de los activos de la organizaci\u00f3n y el control del riesgo; es de anotar que el SCI (sistema de Control interno) lo implementamos de acuerdo a las caracter\u00edsticas de la entidad.<\/p>\n","protected":false},"excerpt":{"rendered":"<p>Consideramos que el sistema de Control Interno es una herramienta que brinda seguridad razonable a los estados financieros y asegura el cumplimiento de las pol\u00edticas, planes, directrices y objetivos de la organizaci\u00f3n, como tambi\u00e9n la implementaci\u00f3n y mejora de los manuales de procedimientos; se trata de un sistema interactivo multidireccional en el cual todos los&hellip;<\/p>\n","protected":false},"author":9,"featured_media":0,"parent":0,"menu_order":0,"comment_status":"closed","ping_status":"closed","template":"","meta":{"_joinchat":[]},"class_list":["post-39","page","type-page","status-publish","hentry","description-off"],"_links":{"self":[{"href":"https:\/\/asesoriasdye.com.co\/asesorias\/wp-json\/wp\/v2\/pages\/39","targetHints":{"allow":["GET"]}}],"collection":[{"href":"https:\/\/asesoriasdye.com.co\/asesorias\/wp-json\/wp\/v2\/pages"}],"about":[{"href":"https:\/\/asesoriasdye.com.co\/asesorias\/wp-json\/wp\/v2\/types\/page"}],"author":[{"embeddable":true,"href":"https:\/\/asesoriasdye.com.co\/asesorias\/wp-json\/wp\/v2\/users\/9"}],"replies":[{"embeddable":true,"href":"https:\/\/asesoriasdye.com.co\/asesorias\/wp-json\/wp\/v2\/comments?post=39"}],"version-history":[{"count":4,"href":"https:\/\/asesoriasdye.com.co\/asesorias\/wp-json\/wp\/v2\/pages\/39\/revisions"}],"predecessor-version":[{"id":184,"href":"https:\/\/asesoriasdye.com.co\/asesorias\/wp-json\/wp\/v2\/pages\/39\/revisions\/184"}],"wp:attachment":[{"href":"https:\/\/asesoriasdye.com.co\/asesorias\/wp-json\/wp\/v2\/media?parent=39"}],"curies":[{"name":"wp","href":"https:\/\/api.w.org\/{rel}","templated":true}]}}