{"id":51,"date":"2016-07-05T17:48:09","date_gmt":"2016-07-05T17:48:09","guid":{"rendered":"http:\/\/asesoriasdye.com.co\/asesorias\/?page_id=51"},"modified":"2022-01-27T17:24:21","modified_gmt":"2022-01-27T17:24:21","slug":"centros-de-costos","status":"publish","type":"page","link":"https:\/\/asesoriasdye.com.co\/asesorias\/centros-de-costos\/","title":{"rendered":"Centros de Costos"},"content":{"rendered":"<p><img loading=\"lazy\" decoding=\"async\" class=\"alignright\" src=\"https:\/\/encrypted-tbn1.gstatic.com\/images?q=tbn:ANd9GcQpTPyBlnL9fuXLyBq4J5ysSdLkL9xuxvqoMwPwwnVXGobL656USA\" width=\"415\" height=\"195\" \/><\/p>\n<p style=\"text-align: justify;\"><strong>IMLPLEMENTACION DE UN SISTEMA INTEGRAL DE COSTOS EN SALUD ATRAVES DE UNA METODOLOGIA ABC &#8211; REQUERIDA POR EL MINISTERIO DE LA PROTECION SOCIAL POR EL PARAGRAFO UNICO DEL ARTICULO 185 DE LA LEY 100 1993.<\/strong><\/p>\n<p style=\"text-align: justify;\"><strong>Costeo Basado en Actividades ABC:<\/strong>\u00a0el ABC (Activity Based Costing) es una metodolog\u00eda de costeo que surge con la finalidad de mejorar la asignaci\u00f3n de recursos a cualquier objeto de costo (producto, servicio, cliente, mercado, dependencia, proveedor, etc.) y tiene como objetivo medir el desempe\u00f1o de las actividades que se ejecutan en una empresa y la adecuada asignaci\u00f3n de costos a los productos o servicios a trav\u00e9s del consumo de las actividades; lo cual permite mayor exactitud en la asignaci\u00f3n de los costos y permite la visi\u00f3n de la empresa por actividad. El ABC pone de manifiesto la necesidad de gestionar las actividades, en lugar de gestionar los costos. Esta es una de las metodolog\u00edas m\u00e1s utilizadas en la actualidad por su amplia aceptaci\u00f3n y mayor credibilidad para el c\u00e1lculo, la gesti\u00f3n de los costos y su estrecha relaci\u00f3n con el direccionamiento estrat\u00e9gico, la cual genera mejor informaci\u00f3n para la toma de decisiones y la gesti\u00f3n empresarial; de hecho en Colombia, existe regulaci\u00f3n espec\u00edfica seg\u00fan la cual esta metodolog\u00eda debe ser aplicada en todas las empresas prestadoras de Servicios P\u00fablicos Domiciliarios; en el sector de la salud, se ha utilizado en combinaci\u00f3n con el costeo absorbente al momento de proponer herramientas para el c\u00e1lculo de costos (Programa de Mejoramiento, Ministerio de Salud, 1999).<\/p>\n","protected":false},"excerpt":{"rendered":"<p>IMLPLEMENTACION DE UN SISTEMA INTEGRAL DE COSTOS EN SALUD ATRAVES DE UNA METODOLOGIA ABC &#8211; REQUERIDA POR EL MINISTERIO DE LA PROTECION SOCIAL POR EL PARAGRAFO UNICO DEL ARTICULO 185 DE LA LEY 100 1993. Costeo Basado en Actividades ABC:\u00a0el ABC (Activity Based Costing) es una metodolog\u00eda de costeo que surge con la finalidad de&hellip;<\/p>\n","protected":false},"author":9,"featured_media":0,"parent":0,"menu_order":0,"comment_status":"closed","ping_status":"closed","template":"","meta":{"_joinchat":[]},"class_list":["post-51","page","type-page","status-publish","hentry","description-off"],"_links":{"self":[{"href":"https:\/\/asesoriasdye.com.co\/asesorias\/wp-json\/wp\/v2\/pages\/51","targetHints":{"allow":["GET"]}}],"collection":[{"href":"https:\/\/asesoriasdye.com.co\/asesorias\/wp-json\/wp\/v2\/pages"}],"about":[{"href":"https:\/\/asesoriasdye.com.co\/asesorias\/wp-json\/wp\/v2\/types\/page"}],"author":[{"embeddable":true,"href":"https:\/\/asesoriasdye.com.co\/asesorias\/wp-json\/wp\/v2\/users\/9"}],"replies":[{"embeddable":true,"href":"https:\/\/asesoriasdye.com.co\/asesorias\/wp-json\/wp\/v2\/comments?post=51"}],"version-history":[{"count":6,"href":"https:\/\/asesoriasdye.com.co\/asesorias\/wp-json\/wp\/v2\/pages\/51\/revisions"}],"predecessor-version":[{"id":182,"href":"https:\/\/asesoriasdye.com.co\/asesorias\/wp-json\/wp\/v2\/pages\/51\/revisions\/182"}],"wp:attachment":[{"href":"https:\/\/asesoriasdye.com.co\/asesorias\/wp-json\/wp\/v2\/media?parent=51"}],"curies":[{"name":"wp","href":"https:\/\/api.w.org\/{rel}","templated":true}]}}