{"id":534,"date":"2022-01-27T17:27:17","date_gmt":"2022-01-27T17:27:17","guid":{"rendered":"https:\/\/asesoriasdye.com.co\/asesorias\/?page_id=534"},"modified":"2022-01-27T17:27:53","modified_gmt":"2022-01-27T17:27:53","slug":"fechas-declaracion-de-renta","status":"publish","type":"page","link":"https:\/\/asesoriasdye.com.co\/asesorias\/fechas-declaracion-de-renta\/","title":{"rendered":"Fechas declaraci\u00f3n de renta"},"content":{"rendered":"<h2>\u00bfEn qu\u00e9 fecha presento mi declaraci\u00f3n de renta?<\/h2>\n<div class=\"text-block-27\">Seguro te est\u00e1s preguntando cu\u00e1les son las fechas para la Declaraci\u00f3n de Renta 2022 para personas naturales en Colombia. Te explicamos el Calendario Tributario para la declaraci\u00f3n de la renta en 2022, correspondiente al periodo gravable de 2021. No olvides que es muy importante realizar tu declaraci\u00f3n de renta y pago de forma oportuna y as\u00ed evitar posibles multas. Las fechas correspondientes para la presentaci\u00f3n de la Declaraci\u00f3n de renta en 2022 son entre el 9 de agosto y el 19 de octubre.<\/div>\n<h2>\u00bfDebo declarar renta en el 2022?<\/h2>\n<div class=\"text-block-26\">\n<p>La primera pregunta que debes resolver y tener muy clara es si como persona natural debes presentar tu declaraci\u00f3n de renta 2022. La Dian establece cada a\u00f1o tributario unos topes para la declaraci\u00f3n de renta en Colombia, teniendo en cuenta factores como ingresos, bienes, compras, consumos, consignaciones y transferencias del a\u00f1o anterior.<\/p>\n<p>La norma establece que no est\u00e1n obligados a declarar renta los asalariados que no sean responsables del impuesto a las ventas (IVA), cuyos ingresos brutos provengan por lo menos en un 80 por ciento (80%) de pagos originados en una relaci\u00f3n laboral, siempre y cuando en relaci\u00f3n con el a\u00f1o gravable 2021, se cumplan la totalidad los requisitos que a continuaci\u00f3n explicaremos.<br \/>\n\u200d<a href=\"https:\/\/www.tributi.com\/obligados-declarar-renta-2022-topes\"><br \/>\n\u200d<\/a><\/p>\n<\/div>\n<h3>L\u00edmites para estar obligado a declarar renta en 2022<\/h3>\n<div class=\"text-block-25\">Todas las personas naturales que cumplan con las siguientes condiciones deben declarar el impuesto sobre la renta 2022:<\/div>\n<ul class=\"list-4\" role=\"list\">\n<li>Que el patrimonio bruto al t\u00e9rmino del a\u00f1o gravable 2021 sea igual o superior a $163.386.000<\/li>\n<li>Que los ingresos totales del respectivo ejercicio gravable sean iguales o superiores a $50.831.000<\/li>\n<li>Que los consumos mediante tarjeta de cr\u00e9dito sean iguales o superiores a $50.831.000<\/li>\n<li>Que el valor total de las compras y consumos sean igual o superior a $50.831.000<\/li>\n<li>Que el valor total acumulado de consignaciones bancarias, dep\u00f3sitos o inversiones financieras sean igual o superior a $50.831.000<\/li>\n<\/ul>\n<div class=\"text-block-77\">\n<p>Ahora que conoces los topes para la declaraci\u00f3n de renta en 2022, podr\u00e1s saber si debes declarar o no. Te ayudamos a elaborar tu declaraci\u00f3n de renta en 1 d\u00eda de forma \u00e1gil, f\u00e1cil y con garant\u00eda.<\/p>\n<p>\u200d<\/p>\n<\/div>\n<h3>Calendario Tributario DIAN para personas naturales 2022<\/h3>\n<div class=\"text-block-78\">\n<p>Seg\u00fan el calendario tributario de la DIAN entre el 9 de agosto y el 19 de octubre de 2022 vencen los plazos para que las personas naturales presenten su impuesto de renta del a\u00f1o gravable 2021 en Colombia. Para quienes declaran renta 2022 es muy importante realizar su declaraci\u00f3n de renta y pago en la fecha que corresponde, para evitar posibles multas.<\/p>\n<p>El plazo para presentar la declaraci\u00f3n y cancelar en un sola cuota vence en las fechas que se indican a continuaci\u00f3n, teniendo en cuenta los dos \u00faltimos d\u00edgitos del NIT del declarante que conste en el RUT, sin tener en cuenta el d\u00edgito de verificaci\u00f3n. Es clave presentarla antes de la fecha indicada y as\u00ed evitar posibles multas. Elaboramos tu declaraci\u00f3n de renta en 1 d\u00eda y con garant\u00eda.<\/p>\n<p>\u200d<\/p>\n<\/div>\n<div class=\"html-embed-11 w-embed\">\n<table>\n<colgroup>\n<col \/>\n<col \/><\/colgroup>\n<tbody>\n<tr>\n<th>\u00daltimos d\u00edgitos de tu NIT<\/th>\n<th>Fecha l\u00edmite para declarar<\/th>\n<\/tr>\n<tr>\n<td>01 y 02<\/td>\n<td>09 de agosto del 2022<\/td>\n<\/tr>\n<tr>\n<td>03 y 04<\/td>\n<td>10 de agosto del 2022<\/td>\n<\/tr>\n<tr>\n<td>05 y 06<\/td>\n<td>11 de agosto del 2022<\/td>\n<\/tr>\n<tr>\n<td>07 y 08<\/td>\n<td>12 de agosto del 2022<\/td>\n<\/tr>\n<tr>\n<td>09 y 10<\/td>\n<td>16 de agosto del 2022<\/td>\n<\/tr>\n<tr>\n<td>11 y 12<\/td>\n<td>17 de agosto del 2022<\/td>\n<\/tr>\n<tr>\n<td>13 y 14<\/td>\n<td>18 de agosto del 2022<\/td>\n<\/tr>\n<tr>\n<td>15 y 16<\/td>\n<td>19 de agosto del 2022<\/td>\n<\/tr>\n<tr>\n<td>17 y 18<\/td>\n<td>22 de agosto del 2022<\/td>\n<\/tr>\n<tr>\n<td>19 y 20<\/td>\n<td>23 de agosto del 2022<\/td>\n<\/tr>\n<tr>\n<td>21 y 22<\/td>\n<td>24 de agosto del 2022<\/td>\n<\/tr>\n<tr>\n<td>23 y 24<\/td>\n<td>25 de agosto del 2022<\/td>\n<\/tr>\n<tr>\n<td>25 y 26<\/td>\n<td>26 de agosto del 2022<\/td>\n<\/tr>\n<tr>\n<td>27 y 28<\/td>\n<td>29 de agosto del 2022<\/td>\n<\/tr>\n<tr>\n<td>29 y 30<\/td>\n<td>30 de agosto del 2022<\/td>\n<\/tr>\n<tr>\n<td>31 y 32<\/td>\n<td>31 de agosto del 2022<\/td>\n<\/tr>\n<tr>\n<td>33 y 34<\/td>\n<td>1 de septiembre del 2022<\/td>\n<\/tr>\n<tr>\n<td>35 y 36<\/td>\n<td>2 de septiembre del 2022<\/td>\n<\/tr>\n<tr>\n<td>37 y 38<\/td>\n<td>5 de septiembre del 2022<\/td>\n<\/tr>\n<tr>\n<td>39 y 40<\/td>\n<td>6 de septiembre del 2022<\/td>\n<\/tr>\n<tr>\n<td>41 y 42<\/td>\n<td>7 de septiembre del 2022<\/td>\n<\/tr>\n<tr>\n<td>43 y 44<\/td>\n<td>8 de septiembre del 2022<\/td>\n<\/tr>\n<tr>\n<td>45 y 46<\/td>\n<td>9 de septiembre del 2022<\/td>\n<\/tr>\n<tr>\n<td>47 y 48<\/td>\n<td>12 de septiembre del 2022<\/td>\n<\/tr>\n<tr>\n<td>49 y 50<\/td>\n<td>13 de septiembre del 2022<\/td>\n<\/tr>\n<tr>\n<td>51 y 52<\/td>\n<td>14 de septiembre del 2022<\/td>\n<\/tr>\n<tr>\n<td>53 y 54<\/td>\n<td>15 de septiembre del 2022<\/td>\n<\/tr>\n<tr>\n<td>55 y 56<\/td>\n<td>16 de septiembre del 2022<\/td>\n<\/tr>\n<tr>\n<td>57 y 58<\/td>\n<td>19 de septiembre del 2022<\/td>\n<\/tr>\n<tr>\n<td>59 y 60<\/td>\n<td>20 de septiembre del 2022<\/td>\n<\/tr>\n<tr>\n<td>61 y 62<\/td>\n<td>21 de septiembre del 2022<\/td>\n<\/tr>\n<tr>\n<td>63 y 64<\/td>\n<td>22 de septiembre del 2022<\/td>\n<\/tr>\n<tr>\n<td>65 y 66<\/td>\n<td>23 de septiembre del 2022<\/td>\n<\/tr>\n<tr>\n<td>67 y 68<\/td>\n<td>26 de septiembre del 2022<\/td>\n<\/tr>\n<tr>\n<td>69 y 70<\/td>\n<td>27 de septiembre del 2022<\/td>\n<\/tr>\n<tr>\n<td>71 y 72<\/td>\n<td>28 de septiembre del 2022<\/td>\n<\/tr>\n<tr>\n<td>73 y 74<\/td>\n<td>29 de septiembre del 2022<\/td>\n<\/tr>\n<tr>\n<td>75 y 76<\/td>\n<td>30 de septiembre del 2022<\/td>\n<\/tr>\n<tr>\n<td>77 y 78<\/td>\n<td>3 de octubre del 2022<\/td>\n<\/tr>\n<tr>\n<td>79 y 80<\/td>\n<td>4 de octubre del 2022<\/td>\n<\/tr>\n<tr>\n<td>81 y 82<\/td>\n<td>5 de octubre del 2022<\/td>\n<\/tr>\n<tr>\n<td>83 y 84<\/td>\n<td>6 de octubre del 2022<\/td>\n<\/tr>\n<tr>\n<td>85 y 86<\/td>\n<td>7 de octubre del 2022<\/td>\n<\/tr>\n<tr>\n<td>87 y 88<\/td>\n<td>10 de octubre del 2022<\/td>\n<\/tr>\n<tr>\n<td>89 y 90<\/td>\n<td>11 de octubre del 2022<\/td>\n<\/tr>\n<tr>\n<td>91 y 92<\/td>\n<td>12 de octubre del 2022<\/td>\n<\/tr>\n<tr>\n<td>93 y 94<\/td>\n<td>13 de octubre del 2022<\/td>\n<\/tr>\n<tr>\n<td>95 y 96<\/td>\n<td>14 de octubre del 2022<\/td>\n<\/tr>\n<tr>\n<td>97 y 98<\/td>\n<td>18 de octubre del 2022<\/td>\n<\/tr>\n<tr>\n<td>99 y 00<\/td>\n<td>19 de octubre del 2022<\/td>\n<\/tr>\n<\/tbody>\n<\/table>\n<\/div>\n<h3 class=\"heading-41\">Sanciones por declarar fuera de los plazos<\/h3>\n<div class=\"text-block-28\">Las personas naturales obligadas a declarar renta y la presenten fuera de las fechas establecidas ser\u00e1n objeto de sanciones establecidas por ley.<br \/>\n\u200d<\/div>\n<ul class=\"list-5\" role=\"list\">\n<li>Si presentas tu declaraci\u00f3n de renta despu\u00e9s de tu fecha l\u00edmite, tendr\u00e1s que pagar una sanci\u00f3n por declarar tarde, conocida como sanci\u00f3n por extemporaneidad. Esta sanci\u00f3n equivale al 5% de tu impuesto a cargo y aumenta con cada mes o fracci\u00f3n de mes que pase entre la fecha l\u00edmite de pago y la fecha en la cual se presente la declaraci\u00f3n de renta.<\/li>\n<li>La sanci\u00f3n m\u00ednima que se pagar\u00e1 en 2022 por las obligaciones incumplidas o mal cumplidas con la DIAN es de $380.000. Es decir que solo por declarar un d\u00eda tarde, ya tendr\u00edas que asumir este valor, incluso si tu declaraci\u00f3n de renta arroja un valor a pagar de cero.<\/li>\n<li>Te ser\u00e1 enviado un mensaje de advertencia, notificando que cuentas con un mes m\u00e1ximo para realizar el pago correspondiente al monto del impuesto, de no ser cumplido este plazo se le anexara un 10%, articulo 642 de la ley establecida.<\/li>\n<li>De no declarar impuestos sobre la renta en ninguno de los casos anteriores se le sumara un 20% como sanci\u00f3n con base al valor de sus consignaciones bancarias o bien los ingresos brutos de la persona, esto se dar\u00e1 en relaci\u00f3n al periodo en el que el mismo no declar\u00f3 impuestos o en relaci\u00f3n a los ingresos de la \u00faltima declaraci\u00f3n que ha realizado, art\u00edculo 643 de la ley establecida.<\/li>\n<\/ul>\n<div class=\"text-block-29\">Ahora que sabes la fecha en que debes presentar tus impuestos de renta, ten presente todas estas recomendaciones y nosotros nos encargamos de que tu declaraci\u00f3n de renta sea un proceso \u00e1gil, f\u00e1cil y con garant\u00eda.<\/div>\n","protected":false},"excerpt":{"rendered":"<p>\u00bfEn qu\u00e9 fecha presento mi declaraci\u00f3n de renta? Seguro te est\u00e1s preguntando cu\u00e1les son las fechas para la Declaraci\u00f3n de Renta 2022 para personas naturales en Colombia. Te explicamos el Calendario Tributario para la declaraci\u00f3n de la renta en 2022, correspondiente al periodo gravable de 2021. No olvides que es muy importante realizar tu declaraci\u00f3n&hellip;<\/p>\n","protected":false},"author":3,"featured_media":0,"parent":0,"menu_order":0,"comment_status":"closed","ping_status":"closed","template":"","meta":{"_joinchat":[]},"class_list":["post-534","page","type-page","status-publish","hentry","description-off"],"_links":{"self":[{"href":"https:\/\/asesoriasdye.com.co\/asesorias\/wp-json\/wp\/v2\/pages\/534","targetHints":{"allow":["GET"]}}],"collection":[{"href":"https:\/\/asesoriasdye.com.co\/asesorias\/wp-json\/wp\/v2\/pages"}],"about":[{"href":"https:\/\/asesoriasdye.com.co\/asesorias\/wp-json\/wp\/v2\/types\/page"}],"author":[{"embeddable":true,"href":"https:\/\/asesoriasdye.com.co\/asesorias\/wp-json\/wp\/v2\/users\/3"}],"replies":[{"embeddable":true,"href":"https:\/\/asesoriasdye.com.co\/asesorias\/wp-json\/wp\/v2\/comments?post=534"}],"version-history":[{"count":2,"href":"https:\/\/asesoriasdye.com.co\/asesorias\/wp-json\/wp\/v2\/pages\/534\/revisions"}],"predecessor-version":[{"id":537,"href":"https:\/\/asesoriasdye.com.co\/asesorias\/wp-json\/wp\/v2\/pages\/534\/revisions\/537"}],"wp:attachment":[{"href":"https:\/\/asesoriasdye.com.co\/asesorias\/wp-json\/wp\/v2\/media?parent=534"}],"curies":[{"name":"wp","href":"https:\/\/api.w.org\/{rel}","templated":true}]}}